{"id":1037,"date":"2025-02-16T11:38:15","date_gmt":"2025-02-16T11:38:15","guid":{"rendered":"https:\/\/bionano-projects.imn-cnm.csic.es\/template\/home\/"},"modified":"2025-11-13T08:17:57","modified_gmt":"2025-11-13T08:17:57","slug":"home","status":"publish","type":"page","link":"https:\/\/bionanomechanics.eu\/oncodeeplasm\/","title":{"rendered":"Home"},"content":{"rendered":"\n<div class=\"wp-block-uagb-container uagb-block-e2e96b7d alignfull uagb-is-root-container\"><div class=\"uagb-container-inner-blocks-wrap\">\n<div class=\"wp-block-uagb-container uagb-block-121a40ee\">\n<div class=\"wp-block-uagb-info-box uagb-block-986772dd uagb-infobox__content-wrap  uagb-infobox-icon-above-title uagb-infobox-image-valign-top\"><div class=\"uagb-ifb-content\"><div class=\"uagb-ifb-title-wrap\"><span class=\"uagb-ifb-title-prefix\">PLEC2021-007892<\/span><h1 class=\"uagb-ifb-title\">OncoDeePlasm<\/h1><\/div><p class=\"uagb-ifb-desc\">Abordamos la morbilidad y mortalidad del c\u00e1ncer de mama mediante una detecci\u00f3n precoz sin precedentes, tanto de la enfermedad primaria como de la residual, a trav\u00e9s de biomarcadores proteicos circulantes.<\/p><div class=\"uagb-ifb-button-wrapper wp-block-button\"><a href=\"contact\/\" class=\"uagb-infobox-cta-link wp-block-button__link\" target=\"_self\" rel=\"noopener noreferrer\"><span class=\"uagb-inline-editing\">Descubre M\u00e1s<\/span><\/a><\/div><\/div><\/div>\n<\/div>\n\n\n\n<div class=\"wp-block-uagb-container uagb-block-aaa809fe\">\n<div class=\"wp-block-uagb-image alignleft uagb-block-47275db5 wp-block-uagb-image--layout-default wp-block-uagb-image--effect-static wp-block-uagb-image--align-left aligncenter\"><figure class=\"wp-block-uagb-image__figure\"><img decoding=\"async\" src=\"https:\/\/bionanomechanics.eu\/oncodeeplasm\/wp-content\/uploads\/sites\/4\/2025\/02\/pexels-photo-28901472.jpeg\" alt=\"\" class=\"uag-image-29\" width=\"544\" height=\"640\" title=\"\" loading=\"lazy\" role=\"img\" \/><\/figure><\/div>\n<\/div>\n<\/div><\/div>\n\n\n\n<div class=\"wp-block-uagb-container uagb-block-8f81e141 alignfull uagb-is-root-container\"><div class=\"uagb-container-inner-blocks-wrap\">\n<div class=\"wp-block-uagb-container uagb-block-3e2f60a3\">\n<div class=\"wp-block-uagb-advanced-heading uagb-block-d9657ecb\"><h2 class=\"uagb-heading-text\">Innovaci\u00f3n en la Detecci\u00f3n Ultra- Temprana de Biomarcadores de C\u00e1ncer de Mama<\/h2><\/div>\n\n\n\n<p>El c\u00e1ncer de mama (CM) constituye una preocupaci\u00f3n sanitaria global, con aproximadamente 2.8 millones de casos incidentes y m\u00e1s de 700,000 fallecimientos registrados en 2020. Una fracci\u00f3n sustancial de la mortalidad asociada al CM es potencialmente prevenible mediante la identificaci\u00f3n precoz de la patolog\u00eda inicial y la detecci\u00f3n temprana de la enfermedad residual.<\/p>\n\n\n\n<p>Actualmente, las modalidades de imagenolog\u00eda cl\u00ednica, como la mamograf\u00eda y la resonancia magn\u00e9tica (RM), son los principales instrumentos para el cribado y diagn\u00f3stico temprano. No obstante, su resoluci\u00f3n limita la detecci\u00f3n de tumores primarios a un tama\u00f1o superior a 2 cm. Esta limitaci\u00f3n subraya la imperiosa necesidad de metodolog\u00edas diagn\u00f3sticas con mayor sensibilidad y especificidad. El descubrimiento y la cuantificaci\u00f3n de biomarcadores proteicos s\u00e9ricos, liberados por el microambiente tumoral al torrente sangu\u00edneo, representa una de las estrategias m\u00e1s prometedoras para la detecci\u00f3n ultra-temprana del CM.<\/p>\n<\/div>\n\n\n\n<div class=\"wp-block-uagb-separator uagb-block-23638415\"><div class=\"uagb-separator-spacing-wrapper\"><div class=\"wp-block-uagb-separator__inner\" style=\"--my-background-image:\"><\/div><\/div><\/div>\n\n\n\n<div class=\"wp-block-uagb-container uagb-block-17d2a4fe\">\n<div class=\"wp-block-uagb-advanced-heading uagb-block-9b244cbe\"><h4 class=\"uagb-heading-text\">\u00danete a Nuestra Comunidad Cient\u00edfica Hoy Mismo<\/h4><\/div>\n\n\n\n<div class=\"wp-block-uagb-buttons uagb-buttons__outer-wrap uagb-btn__default-btn uagb-btn-tablet__default-btn uagb-btn-mobile__default-btn uagb-block-94a3ef47\"><div class=\"uagb-buttons__wrap uagb-buttons-layout-wrap \">\n<div class=\"wp-block-uagb-buttons-child uagb-buttons__outer-wrap uagb-block-5b7f17d1 wp-block-button\"><div class=\"uagb-button__wrapper\"><a class=\"uagb-buttons-repeater wp-block-button__link\" aria-label=\"\" href=\"\/oncodeeplasm\/contact\/\" rel=\"follow noopener\" target=\"_self\" role=\"button\"><div class=\"uagb-button__link\">Contacto<\/div><\/a><\/div><\/div>\n<\/div><\/div>\n<\/div>\n<\/div><\/div>\n\n\n\n<div class=\"wp-block-uagb-container uagb-block-55151016 alignfull uagb-is-root-container\"><div class=\"uagb-container-inner-blocks-wrap\">\n<div class=\"wp-block-uagb-advanced-heading uagb-block-63979888\"><h2 class=\"uagb-heading-text\">Tecnolog\u00eda y limitaciones en la detecci\u00f3n<\/h2><\/div>\n\n\n\n<div class=\"wp-block-uagb-container uagb-block-dcb0b6dc\">\n<p>En el marco de este proyecto, hemos desarrollado una tecnolog\u00eda de inmunodetecci\u00f3n de vanguardia, optimizada para la identificaci\u00f3n de prote\u00ednas biomarcadoras de CM circulantes en estadios incipientes de la enfermedad. La base de esta tecnolog\u00eda reside en la inmunodetecci\u00f3n asistida por el acoplamiento eficiente entre la resonancia local de plasm\u00f3n superficial (LSPR) de nanopart\u00edculas etiquetadas y las resonancias \u00f3pticas de microcavidades.<\/p>\n\n\n\n<p>Esta tecnolog\u00eda, patentada por el CSIC y licenciada por MecWins, S.A. en coinnovaci\u00f3n con el CSIC, ha demostrado experimentalmente un l\u00edmite de detecci\u00f3n (LoD) para biomarcadores proteicos en muestras s\u00e9ricas de 10^-16 g\/mL. Este LoD representa una mejora de 10^5 veces en comparaci\u00f3n con el ensayo inmunoenzim\u00e1tico (ELISA), el actual Gold Standard en inmunoan\u00e1lisis. A trav\u00e9s de este proyecto, MecWins, S.A. ha logrado elevar el Nivel de Madurez Tecnol\u00f3gica (TRL) de la plataforma a 7, consolidando una soluci\u00f3n robusta y validada para el cribado y la validaci\u00f3n de paneles de biomarcadores proteicos en muestras de plasma de pacientes con CM.<\/p>\n\n\n\n<p class=\"has-pale-pink-color has-text-color has-link-color wp-elements-b9b0329ad12a3d6b37382cdf57e7b00f\" style=\"font-size:23px\">La plataforma OncoDeepPlasm permite la detecci\u00f3n simult\u00e1nea de hasta 8 biomarcadores proteicos distintos en muestras de plasma, manteniendo un LoD superior a 10^-16 g\/mL. Esta capacidad faculta la detecci\u00f3n de prote\u00ednas desprendidas por tumores con un tama\u00f1o inferior a 1 mm, lo que significa al menos una resoluci\u00f3n 10 veces superior a la m\u00ednima detectable mediante mamograf\u00eda.<\/p>\n<\/div>\n<\/div><\/div>\n\n\n\n<div class=\"wp-block-uagb-container uagb-block-71b09a6d alignfull uagb-is-root-container\"><div class=\"uagb-container-inner-blocks-wrap\">\n<div class=\"wp-block-uagb-container uagb-block-d28de46a\">\n<div class=\"wp-block-uagb-image alignleft uagb-block-b0e6ecd7 wp-block-uagb-image--layout-default wp-block-uagb-image--effect-static wp-block-uagb-image--align-left\"><figure class=\"wp-block-uagb-image__figure\"><img decoding=\"async\" src=\"https:\/\/bionanomechanics.eu\/oncodeeplasm\/wp-content\/uploads\/sites\/4\/2025\/02\/pexels-photo-256262.jpeg\" alt=\"\" class=\"uag-image-32\" width=\"565\" height=\"640\" title=\"\" loading=\"lazy\" role=\"img\" \/><\/figure><\/div>\n<\/div>\n\n\n\n<div class=\"wp-block-uagb-container uagb-block-54a98149\">\n<div class=\"wp-block-uagb-advanced-heading uagb-block-af2ef0f1\"><h2 class=\"uagb-heading-text\">Validaci\u00f3n Cl\u00ednica<\/h2><p class=\"uagb-desc-text\">El CNIO ha contribuido significativamente a la integraci\u00f3n de t\u00e9cnicas de secuenciaci\u00f3n de nueva generaci\u00f3n (NGS) para gen\u00f3mica y transcript\u00f3mica con la plataforma OncoDeepPlasm. Esta integraci\u00f3n sin\u00e9rgica ha permitido la identificaci\u00f3n de un panel \u00f3ptimo de biomarcadores potenciales para la detecci\u00f3n precoz de la reca\u00edda del c\u00e1ncer de mama.<br>La validaci\u00f3n crucial de la utilidad cl\u00ednica de estos biomarcadores se ha ejecutado en el Hospital Universitario 12 de Octubre. <\/p><div class=\"uagb-separator\"><\/div><\/div>\n\n\n\n<div class=\"wp-block-uagb-advanced-heading uagb-block-95212dbd\"><h2 class=\"uagb-heading-text\">Enfoque <\/h2><p class=\"uagb-desc-text\">El enfoque principal ha sido la detecci\u00f3n de la enfermedad m\u00ednima residual (EMR) en cohortes de pacientes con c\u00e1ncer de mama precoz que han completado terapias curativas y presentan un riesgo cl\u00ednico elevado de recurrencia. Esta aproximaci\u00f3n traslacional y multidisciplinar es fundamental para la implementaci\u00f3n efectiva de OncoDeepPlasm en la pr\u00e1ctica cl\u00ednica oncol\u00f3gica.<\/p><div class=\"uagb-separator\"><\/div><\/div>\n<\/div>\n<\/div><\/div>\n\n\n\n<div class=\"wp-block-uagb-container uagb-block-b5f2dd4a alignwide uagb-is-root-container\">\n<div class=\"wp-block-uagb-container uagb-block-50082671\">\n<div class=\"wp-block-uagb-info-box uagb-block-8768d98f uagb-infobox__content-wrap  uagb-infobox-icon-above-title uagb-infobox-image-valign-top wp-block-uagb-info-box--has-margin\"><div class=\"uagb-infobox-margin-wrapper\"><div class=\"uagb-ifb-content\"><div class=\"uagb-ifb-title-wrap\"><h2 class=\"uagb-ifb-title\">Agradecimientos<\/h2><\/div><p class=\"uagb-ifb-desc\">Un proyecto financiado por el Ministerio<br> de Ciencia e Innovaci\u00f3n, los fondos <br>NextGenerationEU, el Plan de <br>Recuperaci\u00f3n, Transformaci\u00f3n y <br>Resiliencia y la Agencia Estatal <br>de Investigaci\u00f3n. <\/p><div class=\"uagb-ifb-button-wrapper wp-block-button\"><a href=\"\/oncodeeplasm\/contact\/\" class=\"uagb-infobox-cta-link wp-block-button__link\" target=\"_self\" rel=\"noopener noreferrer\" onclick=\"return true;\"><span class=\"uagb-inline-editing\">Contacto<\/span><\/a><\/div><\/div><\/div><\/div>\n<\/div>\n\n\n\n<div class=\"wp-block-uagb-container uagb-block-7dfed23c alignwide uagb-is-root-container\">\n<figure class=\"wp-block-image size-full\"><img loading=\"lazy\" decoding=\"async\" width=\"852\" height=\"401\" src=\"https:\/\/bionanomechanics.eu\/oncodeeplasm\/wp-content\/uploads\/sites\/4\/2025\/06\/entidades_oncodeplasm_43.png\" alt=\"\" class=\"wp-image-1274\" srcset=\"https:\/\/bionanomechanics.eu\/oncodeeplasm\/wp-content\/uploads\/sites\/4\/2025\/06\/entidades_oncodeplasm_43.png 852w, https:\/\/bionanomechanics.eu\/oncodeeplasm\/wp-content\/uploads\/sites\/4\/2025\/06\/entidades_oncodeplasm_43-300x141.png 300w, https:\/\/bionanomechanics.eu\/oncodeeplasm\/wp-content\/uploads\/sites\/4\/2025\/06\/entidades_oncodeplasm_43-768x361.png 768w\" sizes=\"auto, (max-width: 852px) 100vw, 852px\" \/><\/figure>\n<\/div>\n<\/div>\n","protected":false},"excerpt":{"rendered":"<p>Innovaci\u00f3n en la Detecci\u00f3n Ultra- Temprana de Biomarcadores de C\u00e1ncer de Mama El c\u00e1ncer de mama (CM) constituye una preocupaci\u00f3n [&hellip;]<\/p>\n","protected":false},"author":1,"featured_media":0,"parent":0,"menu_order":0,"comment_status":"closed","ping_status":"closed","template":"","meta":{"_uag_custom_page_level_css":"","site-sidebar-layout":"default","site-content-layout":"plain-container","ast-site-content-layout":"default","site-content-style":"default","site-sidebar-style":"default","ast-global-header-display":"","ast-banner-title-visibility":"","ast-main-header-display":"","ast-hfb-above-header-display":"","ast-hfb-below-header-display":"","ast-hfb-mobile-header-display":"","site-post-title":"disabled","ast-breadcrumbs-content":"","ast-featured-img":"","footer-sml-layout":"","ast-disable-related-posts":"","theme-transparent-header-meta":"default","adv-header-id-meta":"","stick-header-meta":"","header-above-stick-meta":"","header-main-stick-meta":"","header-below-stick-meta":"","astra-migrate-meta-layouts":"set","ast-page-background-enabled":"default","ast-page-background-meta":{"desktop":{"background-color":"var(--ast-global-color-4)","background-image":"","background-repeat":"repeat","background-position":"center center","background-size":"auto","background-attachment":"scroll","background-type":"","background-media":"","overlay-type":"","overlay-color":"","overlay-opacity":"","overlay-gradient":""},"tablet":{"background-color":"","background-image":"","background-repeat":"repeat","background-position":"center center","background-size":"auto","background-attachment":"scroll","background-type":"","background-media":"","overlay-type":"","overlay-color":"","overlay-opacity":"","overlay-gradient":""},"mobile":{"background-color":"","background-image":"","background-repeat":"repeat","background-position":"center center","background-size":"auto","background-attachment":"scroll","background-type":"","background-media":"","overlay-type":"","overlay-color":"","overlay-opacity":"","overlay-gradient":""}},"ast-content-background-meta":{"desktop":{"background-color":"var(--ast-global-color-5)","background-image":"","background-repeat":"repeat","background-position":"center center","background-size":"auto","background-attachment":"scroll","background-type":"","background-media":"","overlay-type":"","overlay-color":"","overlay-opacity":"","overlay-gradient":""},"tablet":{"background-color":"var(--ast-global-color-5)","background-image":"","background-repeat":"repeat","background-position":"center center","background-size":"auto","background-attachment":"scroll","background-type":"","background-media":"","overlay-type":"","overlay-color":"","overlay-opacity":"","overlay-gradient":""},"mobile":{"background-color":"var(--ast-global-color-5)","background-image":"","background-repeat":"repeat","background-position":"center center","background-size":"auto","background-attachment":"scroll","background-type":"","background-media":"","overlay-type":"","overlay-color":"","overlay-opacity":"","overlay-gradient":""}},"footnotes":""},"class_list":["post-1037","page","type-page","status-publish","hentry"],"uagb_featured_image_src":{"full":false,"thumbnail":false,"medium":false,"medium_large":false,"large":false,"1536x1536":false,"2048x2048":false},"uagb_author_info":{"display_name":"admin","author_link":"https:\/\/bionanomechanics.eu\/oncodeeplasm\/author\/a3p\/"},"uagb_comment_info":0,"uagb_excerpt":"Innovaci\u00f3n en la Detecci\u00f3n Ultra- Temprana de Biomarcadores de C\u00e1ncer de Mama El c\u00e1ncer de mama (CM) constituye una preocupaci\u00f3n [&hellip;]","_links":{"self":[{"href":"https:\/\/bionanomechanics.eu\/oncodeeplasm\/wp-json\/wp\/v2\/pages\/1037","targetHints":{"allow":["GET"]}}],"collection":[{"href":"https:\/\/bionanomechanics.eu\/oncodeeplasm\/wp-json\/wp\/v2\/pages"}],"about":[{"href":"https:\/\/bionanomechanics.eu\/oncodeeplasm\/wp-json\/wp\/v2\/types\/page"}],"author":[{"embeddable":true,"href":"https:\/\/bionanomechanics.eu\/oncodeeplasm\/wp-json\/wp\/v2\/users\/1"}],"replies":[{"embeddable":true,"href":"https:\/\/bionanomechanics.eu\/oncodeeplasm\/wp-json\/wp\/v2\/comments?post=1037"}],"version-history":[{"count":9,"href":"https:\/\/bionanomechanics.eu\/oncodeeplasm\/wp-json\/wp\/v2\/pages\/1037\/revisions"}],"predecessor-version":[{"id":1325,"href":"https:\/\/bionanomechanics.eu\/oncodeeplasm\/wp-json\/wp\/v2\/pages\/1037\/revisions\/1325"}],"wp:attachment":[{"href":"https:\/\/bionanomechanics.eu\/oncodeeplasm\/wp-json\/wp\/v2\/media?parent=1037"}],"curies":[{"name":"wp","href":"https:\/\/api.w.org\/{rel}","templated":true}]}}